. Calculate the highest common factor of f and y.
10
Let i(v) = -40*v + 6. Let m be i(4). Let s be m/(-10) + 2/(-5). What is the highest common factor of 10 and s?
5
Suppose 5*u = 15*u - 200. Let j = 16 + -6. Calculate the highest common factor of u and j.
10
Let j be (1 + -2)/(5/(-95)). What is the greatest common divisor of j and 133?
19
Let m(j) = j**2 + j + 3. Let v be m(-6). Let o = 42 + v. Let y = 21 - 6. Calculate the highest common factor of o and y.
15
Let t = -68 + 34. Let s = t + 48. What is the highest common divisor of 98 and s?
14
Suppose 0 = -0*o + 2*o + 4*w, -2*w = -4*o + 20. What is the highest common divisor of o and 32?
4
Suppose -3*z + 7 = l - 68, 150 = 2*l - 5*z. Suppose -b - 4*b = -l. Calculate the highest common factor of 135 and b.
15
Suppose 57 = 4*g - t - 20, t + 37 = 2*g. Calculate the highest common divisor of g and 60.
20
Suppose 1 + 2 = -i. Let h be (i/(-2))/(6/16). Let j(q) = 3*q + 5. Let m be j(9). Calculate the highest common divisor of m and h.
4
Suppose -5*o + 67 = -3*q, 2*q + q = -3*o - 27. Let y = -8 - q. Suppose 0*d = -d + y. Calculate the highest common divisor of 6 and d.
6
Let a = -30 + 47. Suppose 4*h - a = 83. What is the highest common factor of 25 and h?
25
Suppose 10*l = 5*l + 105. What is the greatest common factor of 7 and l?
7
Suppose 5*v - 137 = 53. Suppose -4*a - v = -5*q, -5*q = 5*a - 0*a - 20. Calculate the greatest common factor of 3 and q.
3
Suppose 51 = 5*h + 6. Let v(s) = -s**2 - 17*s - 9. Let w be v(-9). What is the greatest common divisor of w and h?
9
Let l = 24 - 19. Let g be (-4)/6 - 122/(-3). Calculate the greatest common factor of l and g.
5
Let n(x) = 9*x + 122. Let f be n(-11). Let i(s) = -43*s - 5. Let q be i(-6). What is the highest common divisor of q and f?
23
Suppose -3*u = -77 - 130. Suppose 0 = 5*y + 4 - u. Calculate the highest common divisor of 39 and y.
13
Let a(k) = 4*k + 25. Let m(n) = -3*n - 24. Let p(x) = -2*a(x) - 3*m(x). Let d be p(0). Let b = 15 + -4. What is the highest common divisor of b and d?
11
Let k be -5 + 4 + 11*1. Let n be (-225)/k*(-8)/6. What is the highest common factor of n and 20?
10
Let f(q) = -22*q - 57. Let w be f(-9). Calculate the highest common factor of 47 and w.
47
Suppose 407 = 4*h + 4*z + 7, 4*z + 200 = 2*h. Let x be (h/(-35))/((-2)/7). Suppose -5*c + 46 + 4 = 0. Calculate the highest common divisor of c and x.
10
Suppose -18 = 3*c - 6*c. Suppose s + 150 = c*s. Suppose r - l - 7 = 12, -2*r - 2*l = -22. Calculate the greatest common factor of s and r.
15
Suppose 0 = -4*x - 2*g + 56, 29 = 5*x + g - 44. Calculate the greatest common divisor of x and 15.
15
Suppose 4*w = 3*w + 3. Suppose 24 = w*t - 33. What is the greatest common factor of 171 and t?
19
Let a = 48 - -2. Suppose 0*n = 2*n - a. What is the greatest common factor of 25 and n?
25
Let r(b) = -b**3 - 8*b**2 + 4*b - 31. Let n be r(-9). Calculate the highest common factor of n and 14.
14
Let c(o) be the second derivative of o**3/2 - o**2/2 - 5*o. Let l be c(11). Calculate the greatest common factor of 8 and l.
8
Let l(j) = j**2 + 2*j + 1. Let i be l(7). Suppose 0 = -7*s - 13 + 69. What is the greatest common divisor of s and i?
8
Let i be (-2)/(-8) - 2629/(-44). Calculate the highest common divisor of i and 24.
12
Suppose 2*r - 14 = 4. Let d = -57 - -60. What is the greatest common divisor of r and d?
3
Let f = -8 - -25. Calculate the greatest common divisor of 85 and f.
17
Suppose 3*j - 9 = -0*j. Suppose j*w - 135 = -2*w. Calculate the greatest common factor of 9 and w.
9
Suppose 2*x + 0 = 4. Suppose 3*d + x = 5. Let n(z) = 144*z - 1. Let p be n(d). Calculate the greatest common divisor of 13 and p.
13
Suppose 17*h = 19*h - 62. Calculate the highest common divisor of h and 31.
31
Let r(w) = -2 + 10*w + 12 + 2. Let c be r(12). What is the greatest common factor of 12 and c?
12
Suppose 0 = -8*x + 15*x - 546. Calculate the greatest common factor of x and 6.
6
Let o = -8 + 15. Let c(g) = -g**2 + 5*g - 1. Let a(p) = 5*p - 2. Let f(w) = 4*a(w) - 3*c(w). Let y be f(4). Calculate the highest common divisor of y and o.
7
Let l(u) be the first derivative of u**2/2 - 4*u - 1. Let w be l(5). Let k be 8*((-3)/(-1) + -2). What is the greatest common factor of k and w?
1
Let a = -1648 - -2526. Suppose -5*l + 2*s + a = 4*s, 5*s + 709 = 4*l. Let g be -3*-2*16/6. Calculate the highest common factor of l and g.
16
Let g(b) = b**3 - 5*b**2 - 6*b - 1. Let k be g(8). Let i(w) = w**2 - 5*w - 7. Let a be i(8). Let j = a - 4. Calculate the highest common divisor of j and k.
13
Let v(o) = 106*o**2 - 1. Let h be v(1). Calculate the highest common factor of h and 15.
15
Let h(a) = a**2 - 10*a + 34. Let p be h(14). Calculate the greatest common factor of 36 and p.
18
Let s = -54 + 84. What is the greatest common factor of s and 30?
30
Suppose 0 = y - 21 - 14. What is the highest common divisor of 5 and y?
5
Let o(t) = -12*t**3 - t**2 - t. Let h be o(-1). Let n(u) = 3*u - 17. Let f be n(h). What is the highest common divisor of 209 and f?
19
Suppose -3*y + 10 = 2*y. Let b(a) = -a**2 + 4*a - 4. Let m be b(3). Let h be (8 + m)*(y - 0). What is the highest common divisor of 126 and h?
14
Suppose 5*v - 36 - 19 = 0. Calculate the greatest common divisor of 77 and v.
11
Suppose 3*v + 20 = 8*v. Let x(u) = u**2 - 5*u + 6. Let b be x(v). Calculate the greatest common divisor of b and 10.
2
Let a be (-1 - -2)*6/(-6). Let l be -6*a*(-6)/(-4). Let g = -2 + l. Calculate the greatest common divisor of g and 35.
7
Let r = -46 - -78. Let a be (-1)/(-5) + 1197/15. What is the greatest common divisor of a and r?
16
Let w(q) = 3*q**3 + 17*q**2 + 6*q + 5. Let k be w(-5). What is the greatest common factor of 225 and k?
25
Let v = 35 - 19. Let u(x) = -16*x + 3. Let s(o) = 32*o - 7. Let q(m) = 3*s(m) + 7*u(m). Let k be q(-4). Calculate the greatest common factor of v and k.
16
Suppose -3*j - 41 = 2*j + c, 0 = 3*j - 3*c + 21. Let z = 12 + j. Calculate the greatest common divisor of 10 and z.
2
Let d(u) be the first derivative of -7/3*u**3 + 3 - 1/2*u**2 + 4*u - 1/4*u**4. Let x be d(-7). Calculate the highest common divisor of 11 and x.
11
Let b = 80 - 50. What is the highest common factor of 120 and b?
30
Suppose -5*c + 92 = -183. Calculate the highest common factor of c and 11.
11
Let o be (-1 - -2) + 30/2. What is the greatest common divisor of o and 64?
16
Suppose 3*m = m + 8. Let z be (-8 - -1)/(m/(-24)). Let h be (-1 - -2)*2 - -26. Calculate the highest common divisor of h and z.
14
Let j = -43 - -105. What is the greatest common factor of j and 155?
31
Suppose 0 = d - 191 + 44. Calculate the highest common factor of 42 and d.
21
Let r = 90 + -2. Let i(x) = -15*x**2 - 1. Let a be i(-1). Let h = a + 27. What is the greatest common divisor of r and h?
11
Suppose 0 = -3*a - 3, -4*w + 7*w = 2*a + 68. Suppose 6*o - 76 = -w. Let v be 2/(-6) + (-434)/(-6). Calculate the greatest common divisor of v and o.
9
Let j = 117 + -101. Calculate the highest common divisor of j and 4.
4
Let l = 5 - 2. Suppose -2*j + 6 = -5*j. Let x be (2/4)/(j/(-24)). Calculate the greatest common factor of l and x.
3
Let u = 25 + -19. What is the greatest common divisor of u and 30?
6
Let d(z) = -z - 5. Let g be (4/3)/((-4)/18). Let c be d(g). Calculate the highest common factor of 2 and c.
1
Suppose -4*g + 218 = p + 2*p, -g + 282 = 4*p. Calculate the greatest common divisor of 14 and p.
14
Let a(s) = s**3 - 7*s**2 - 9*s + 10. Let i be a(8). Suppose 46 - 256 = -i*t. What is the highest common divisor of 15 and t?
15
Let d = 216 + -118. Calculate the highest common factor of d and 147.
49
Suppose 15*j = 14*j. Suppose -2*y = -3*m - 5, -2*y = m - j*m - 9. Let c = 1 - -1. Calculate the highest common factor of c and y.
2
Let t(y) = -y**3 - 3*y**2 - y - 2. Let o be t(-6). Calculate the greatest common factor of o and 14.
14
Suppose -3*a - 2*a = -990. Calculate the greatest common factor of a and 18.
18
Suppose 42 + 10 = t. Calculate the greatest common factor of 8 and t.
4
Let w = 209 + -191. What is the highest common factor of w and 342?
18
Suppose -5*g + 125 = l + 17, -96 = -4*g - 4*l. Suppose 5*c + 51 - 471 = 0. Calculate the greatest common factor of c and g.
21
Let k = 100 + -52. Let z(q) = -4*q. Let l be z(-3). Calculate the highest common divisor of k a